divided by d?
9
Suppose 5*t + 2*d = 128, 5*d + 13 = t - 18. What is the remainder when 75 is divided by t?
23
Let p(a) = -a + 3. Let k be p(4). What is the remainder when 3/(k/((-20)/6)) is divided by 6?
4
Calculate the remainder when 37 is divided by (-5)/(-1*3*(-4)/(-12)).
2
Let u = 18 - 13. Let v(p) = p**3 + 6*p**2 + 4*p - 3. Let f be v(-5). What is the remainder when u is divided by (-1)/((-6)/(-4) - f)?
1
Suppose b = -0*b + 124. Suppose -5*q + b = -6. Calculate the remainder when 50 is divided by q.
24
Suppose 3*n - 59 = -38. What is the remainder when n is divided by 5?
2
Let q(s) = s**3 + 4*s**2 - 1. Let c be q(-4). Let p = c - -5. Suppose 0 = -5*h + w + 49, p*h + 3*w = -w + 44. What is the remainder when 17 is divided by h?
7
Calculate the remainder when 184 - (-4 + (-3 - -3)) is divided by 27.
26
Calculate the remainder when 63 is divided by -2 - -19 - 8/2.
11
Suppose 51 + 53 = 4*y. What is the remainder when y is divided by (-2*(-35)/(-30))/((-1)/3)?
5
Let m be (6/18)/(1/6). Suppose -3*i = -2*x - m*i + 18, i + 51 = 5*x. What is the remainder when 31 is divided by x?
9
Let q = 4 - 32. Let w = q + 54. Let j(g) = -g**2 - 7*g + 8. What is the remainder when w is divided by j(-6)?
12
Let y = 5 - 0. Let k(b) = -b**2 - 9*b - 5. Let x be k(-9). Calculate the remainder when x/((-5)/16) + -2 is divided by y.
4
Suppose 0 = t + 4*c - 7*c, -4*t + 5*c = 0. Suppose 2*b - 3*b + 2 = t. What is the remainder when b is divided by 1?
0
Let g(i) = -7*i**3 - 9*i**2 - 3*i + 4. Let d(t) = -4*t**3 - 5*t**2 - 2*t + 2. Let r(c) = 5*d(c) - 3*g(c). What is the remainder when 34 is divided by r(2)?
10
Suppose -10*p + 11*p - 10 = 0. What is the remainder when 29 is divided by p?
9
Suppose -25 = -2*w + 199. Let j = -63 + w. What is the remainder when j is divided by 13?
10
Suppose 70 = 4*k + 22. Calculate the remainder when k is divided by 5.
2
What is the remainder when 33 is divided by (4 - (11 + -2)) + 23?
15
Suppose 73 + 182 = 3*x + u, -4*x - 4*u + 348 = 0. Calculate the remainder when x/24*(11 - 1) is divided by 1 - 11*(-1 - 0).
11
Suppose -88 = 5*f + 42. Calculate the remainder when 36 is divided by (-21)/7*f/6.
10
Let o(p) = p**2 - 4*p + 5. What is the remainder when 100 is divided by o(6)?
15
Suppose 5*j - 2*h - 49 = 2*j, 0 = 3*j + 4*h - 55. Suppose -4*q + 119 = -y, q - y - 12 = j. What is the remainder when q is divided by 11?
8
Suppose 0 = -3*v - 2*v. Let p(u) = -u**3 - u**2 - u - 3. Let s be p(v). Calculate the remainder when 61/3*(-9)/s is divided by 21.
19
Suppose -3*c = -5*f - 35, -29 + 129 = 4*c + 4*f. What is the remainder when c is divided by 8?
4
Suppose 0 = 4*k + 9 + 23. Let a(u) = -2*u + 3. Let f be a(k). Let g = 68 - f. Calculate the remainder when g is divided by 17.
15
Let g = -4 + 4. Let l = 4 + g. What is the remainder when l is divided by 2?
0
Let o = 67 - 27. Suppose -4*b = -2*n - 22, -2*n - 3*b + 1 = 51. Let i = n - -33. Calculate the remainder when o is divided by i.
12
Let o = 6 - 0. Suppose 2*t - 14 - o = 0. Suppose -4*j + t = j. Calculate the remainder when 5 is divided by j.
1
Suppose l = -3*s + 14, 4*s = 4*l - l - 3. Suppose -3*r + 3 = -u + 15, 91 = s*u + 2*r. Calculate the remainder when u is divided by 15.
12
Let y = -26 + 48. What is the remainder when 41 is divided by y?
19
Let l = 15 - 6. Calculate the remainder when l is divided by 6.
3
Suppose 5*q - 4*q = -5, 3*q = -5*g + 5. Suppose 5*a - g*s = -9*s + 90, -2*s - 59 = -3*a. Calculate the remainder when 111/(-2)*(-6)/9 is divided by a.
18
Suppose -2*j + 2*u = -2*u - 40, 0 = -j - 2*u. Let q = 23 + -56. Let o = q + 61. Calculate the remainder when o is divided by j.
8
Let m be (6/(-9))/((-4)/30). Let j = m - 0. Suppose -j*c + 3*b + 129 = 0, 25 + 89 = 4*c + 3*b. What is the remainder when c is divided by 14?
13
Let n(h) = -5*h - 30. What is the remainder when n(-7) is divided by 3?
2
Let f(z) = -2*z - 5. Suppose 5*j - 3*j = -8. Calculate the remainder when 7 is divided by f(j).
1
Suppose -5*n - n + 318 = 0. What is the remainder when n is divided by 18?
17
Suppose 3*j + 4*d - 16 = 0, 2*j + j = d + 41. Calculate the remainder when 59 is divided by j.
11
Suppose p = 2*c + 13, 4*c = -p - 4*p + 9. Calculate the remainder when 9 is divided by p.
4
Suppose 5*l - 4*l - 5 = 0. Let f(v) = v**2 + v - 7. Calculate the remainder when f(l) is divided by 13.
10
Suppose 2*f + c + 16 = 0, 10 = 3*f - 4*c + 45. Let n(h) = -h**3 - 9*h**2 - 2*h - 3. Calculate the remainder when 29 is divided by n(f).
14
Let m(h) = -9*h - 4. Let p = -8 - -12. Suppose -s - 4*g = -15 - 1, -2*g = -p*s + 46. Calculate the remainder when m(-3) is divided by s.
11
What is the remainder when 186/6 - (-1 + 2/(-2)) is divided by 9?
6
Let y be 130/(-18) - (-6)/27. Let q = y + 71. Calculate the remainder when q/3 + 2/(-6) is divided by 11.
10
Suppose -54 = -12*m + 3*m. What is the remainder when 23 is divided by m?
5
Let y = -91 - -201. Suppose y = 4*r - 2*c, -4*r - 3*c - 2*c = -103. Let m(i) = 13*i**2 - 2*i - 1. What is the remainder when r is divided by m(-1)?
13
Let f = -9 + 44. What is the remainder when ((-6)/(-9))/((-5)/(-765)) is divided by f?
32
Let d be 3/(-36)*-4*18. Let n(w) = -5*w - 3. Let k(b) = 14*b + 8. Let v(c) = 3*k(c) + 8*n(c). What is the remainder when 35 is divided by v(d)?
11
Suppose 0 = -2*t + o - 31, 2 = -0*o + 2*o. Calculate the remainder when (-186)/(-15) - 9/t is divided by 5.
3
Suppose 94 = 5*g + r, 51 - 125 = -3*g - 5*r. Calculate the remainder when (-240)/(-7) + 4/(-14) is divided by g.
16
Suppose -8*r + 91 + 365 = 0. Calculate the remainder when r is divided by 15.
12
Suppose 0 = x + 2*x - 45. What is the remainder when x is divided by 8?
7
Suppose -w = 3*a - 22, 17 = -w + 2*w - 2*a. Calculate the remainder when 149 is divided by w.
16
Let n = 9 + -6. Suppose u = -4*f - 16, u = n*f + 2 + 17. Suppose 2*i + 3*s = -6, -3*i - 2*s + 5*s + 21 = 0. Calculate the remainder when u is divided by i.
1
Let u(d) = -5*d - 5*d + 13 + 2*d**2 - d**2. Let q = -1 - -10. What is the remainder when 11 is divided by u(q)?
3
Suppose -4*g + 24 + 8 = 0. Suppose 0 = -3*u + 19 - 4. What is the remainder when g is divided by u?
3
Let r be (-3)/9 - (-2)/6. Suppose 5*h + r*h - 5*c = 20, -3*c - 20 = -5*h. Let g(x) = -x**3 + 2*x**2 + x. What is the remainder when h is divided by g(2)?
0
Let n(i) = i. Suppose 4*l = 12, 5*l = 5*p + 6 - 1. Calculate the remainder when 3 is divided by n(p).
1
Calculate the remainder when 29 is divided by (3 - 13)*8/(-10).
5
Suppose 0 = -10*l + 8*l + 66. What is the remainder when l is divided by 12?
9
Suppose 40*y - 30 = 37*y. What is the remainder when y is divided by 4?
2
Let r = 363 + -160. Suppose -5*o - 238 = -10*o - h, 5*h = -4*o + r. Suppose 0 = 8*k - 7*k - 16. Calculate the remainder when o is divided by k.
15
What is the remainder when 17 is divided by ((-7)/(70/(-12)))/(6/15)?
2
Suppose 3*y - f + 2*f - 161 = 0, -y + 57 = 2*f. What is the remainder when y is divided by 14?
11
Suppose i - 2 + 5 = 0. Let g(k) = k**2 + 2*k + 1. Calculate the remainder when 32/3 - (-2)/(-3) is divided by g(i).
2
Let j = -26 + 58. Suppose 5*i - 25 = 0, 0 = -2*k - 2*i + j - 10. What is the remainder when (4/6)/(2/30) is divided by k?
4
Let v(t) = 10*t - 4. Let a be v(5). Calculate the remainder when (3 + 1)*a/4 is divided by 12.
10
Suppose 0 = -a + 5 + 10. Suppose 3*n - a = -0*n. Calculate the remainder when 13 is divided by n.
3
Suppose 5*a = 416 + 24. Calculate the remainder when a is divided by 31.
26
Let m be (1 - 2)/((-16)/592). Let x = m + 9. Calculate the remainder when x is divided by 16.
14
Let s(f) = -f**3 - 3*f**2 + 8*f + 1. What is the remainder when 18 is divided by s(-5)?
7
Let h(b) = -2*b - 4*b**2 + 4 - 40*b**3 - 5 + 2*b**2. Let d(g) = g. Let s be d(-1). What is the remainder when h(s) is divided by 14?
11
Let g = 4 - 6. Let m(a) = -10*a + 2. Calculate the remainder when m(g) is divided by 6.
4
Suppose -p + 25 = -11. Let l = -22 + p. Let o = 4 + 0. What is the remainder when l is divided by o?
2
Let s(z) = z + 7. Calculate the remainder when s(12) is divided by 38/4 - (-1)/2.
9
Suppose 20 = 3*h - 13. Let c(l) = l**2 - 8*l - 10. What is the remainder when c(h) is divided by 8?
7
Suppose 5*h = 6*h - 11. Let c(t) = 2*t**2 - 7*t - 7. What is the remainder when c(-4) is divided by h?
9
Suppose -4*q